te the greatest common divisor of 48 and v.
12
Let d(u) = u**2 - 12*u + 14. Let f be d(7). Let z = 111 + f. Calculate the greatest common factor of z and 36.
18
Let d(f) = f - 8. Suppose -32 = -6*h + 2*h. Let l be d(h). Suppose 5*x = 3*t + 58, l = -4*x + x - 2*t + 50. Calculate the greatest common divisor of 126 and x.
14
Suppose -3*r + 4*r = 31. Let c be 228/54 + 2/(-9). Suppose c*f - 534 = 582. What is the highest common factor of f and r?
31
Suppose 5*n - 6*d + 9*d = 304, -2*n + 130 = -3*d. Let p = n - 32. Let l = -3 + p. What is the greatest common divisor of l and 297?
27
Let y be (-6)/15 - 104/(-10). Suppose 2*n = -3*g + 52, 0 = 2*n - y - 0. What is the highest common factor of 2 and g?
2
Suppose -3*t = -38 - 22. Let c = 8 - 6. Suppose -4*g = c*u - 80, 0 = 7*u - 3*u. What is the greatest common divisor of t and g?
20
Let b be 31 + -3 - (-1)/(-1). What is the highest common factor of b and 2?
1
Let a(w) = 15*w - 5. Let d be a(1). Suppose 8*x - d*x + 10 = 0. What is the highest common factor of x and 1?
1
Let w = -23 - -47. Suppose 0 = -w*q + 25*q - 3. Calculate the greatest common divisor of q and 1.
1
Suppose -12 = -2*b - 3*u, -65*b + 3*u + 15 = -64*b. What is the greatest common divisor of b and 16?
1
Let l(g) = 2*g**2 - 6*g + 3. Let o be l(4). Let v = -1032 - -1131. Calculate the highest common factor of o and v.
11
Suppose -5 = o, 114 = 4*m - 2*o - 48. Suppose 2*z = 2*l + 116, -4 = -4*l - 3*z - 257. Let d = -42 - l. What is the greatest common divisor of d and m?
19
Let y = -455 - -621. What is the greatest common divisor of y and 2?
2
Let v = 1030 - 986. Calculate the greatest common divisor of v and 16.
4
Let j(s) = -349*s**2 - 5*s - 5. Let r be j(-1). Let v = r - -489. What is the highest common divisor of v and 20?
20
Let f(m) be the second derivative of m**4/12 - m**3/3 + 5*m**2 + 10*m. Let v be f(0). Suppose 0*c = 2*c - v. What is the greatest common factor of c and 10?
5
Let d(a) = 5*a - 6. Let v be d(2). Let m be (v/3 - (4 + -2))*-3. Suppose -s + 28 - 3 = 5*b, -10 = 2*s. Calculate the highest common divisor of b and m.
2
Let j be 3*((-20)/(-42) - 7/49). Let u be (j - -32)*4/12. Suppose 242 = -x + 3*x. Calculate the highest common factor of u and x.
11
Let i(x) = 8*x - 188. Let j be i(24). What is the greatest common divisor of 68 and j?
4
Let i(j) be the third derivative of j**4/24 + 11*j**3/3 + 35*j**2. Let a be i(-18). Calculate the highest common factor of a and 10.
2
Let k be 4/18 + (-170)/(-45). Let t be 0 + 1914/((-12)/k). Let q be t/(-33) + 4/6. What is the greatest common divisor of q and 50?
10
Let p(t) = 23*t - 17. Let b be p(-1). Let h be (8/(b/(-15)))/1. Let d(w) = -w**2 + 15. Let i be d(0). What is the greatest common divisor of h and i?
3
Let f be (-8 + 0)/(-4 - -2). Let p be 126/f*60/7. What is the highest common divisor of 30 and p?
30
Suppose 244 = 5*p + 4*r - 6, 200 = 4*p - 5*r. Let k(m) = m**3 - 5*m**2 + 3*m - 5. Let i be k(5). What is the greatest common divisor of p and i?
10
Let l be (-10 + (-56)/7)/(-2). What is the highest common factor of 5 and l?
1
Let o(b) = -b**3 + 7*b**2 - 4. Let a be o(5). Suppose 3*z - a + 4 = 0. Suppose 3*j + 314 = 2*l, 3 + 3 = -3*j. Calculate the highest common divisor of l and z.
14
Let h(d) = 4*d**2 - d - 12. Let l be h(6). What is the highest common divisor of l and 18?
18
Suppose a - 74 = 4*p + 14, -p = 2*a - 176. Calculate the highest common divisor of a and 11.
11
Let r = -8 - -29. Suppose b = -2*x + 14, 4*x + b - 16 = 2*b. Let c(t) = t - 2. Let v be c(x). What is the highest common factor of v and r?
3
Suppose 8 = b + b. Let v be 0 + b + -4 + 2. Suppose -z + 3*j = -24, -v*z - 4*j + 20 = z. What is the highest common divisor of 96 and z?
12
Suppose 7*q = 3*q + 1280. Suppose 0 + q = 10*x. Calculate the highest common factor of 352 and x.
32
Let t be (1/((-5)/(-6)))/((-12)/(-40)). Suppose w - 4 - 32 = 0. What is the greatest common divisor of t and w?
4
Let r(v) = -2*v**3 - 3*v**2 + v + 6. Let o be r(-9). Suppose 4*q - o + 240 = 0. Calculate the highest common factor of q and 27.
27
Let z be (0 + 1)*(-7 + 10). Suppose 5*t - 571 + 217 = -z*a, -10 = 5*a. Let r = -17 - -25. Calculate the greatest common divisor of t and r.
8
Let c = -437 + 446. Suppose -7 = u - 2*d, -3*d - 48 = 2*u + 3*u. Let k be (1/(-3))/(1/u). What is the greatest common factor of k and c?
3
Let o = 178 + -63. Suppose 0 = -11*c + 12*c - o. Suppose -2*a + 126 = 3*k + 2*a, 0 = 4*k - a - 187. What is the greatest common divisor of k and c?
23
Let t be -2 + -14 + (6 - 5). Let m be t/(2 + -3) - -1. Let j be (-2)/1 - (-5 + -1). Calculate the greatest common divisor of j and m.
4
Suppose -a = -t - 2, -2*a - 2 = -t - 10. Calculate the greatest common divisor of 2 and a.
2
Let m be (-1053)/(-24) + 8/64. Calculate the greatest common divisor of 12 and m.
4
Let r be 22/(3*(-2)/(-3)). What is the highest common divisor of r and 3?
1
Let g be ((-100)/3)/((-9)/((-81)/(-6))). What is the highest common factor of g and 650?
50
Let c(g) = 194*g - 5. Let j be c(1). What is the highest common divisor of 7 and j?
7
Let d(f) = 2*f + 7. Let y be d(1). Suppose -196 = -y*t + 2*t. What is the greatest common divisor of t and 7?
7
Let o = -373 + 643. Calculate the highest common factor of 18 and o.
18
Suppose -3*i = -0*i + 12. Let k = 11 - i. Suppose 38*o - 9 = 371. Calculate the greatest common divisor of o and k.
5
Suppose -10*i + 9*i + 45 = 0. What is the greatest common divisor of 36 and i?
9
Let l(y) = 3*y - 44. Let d be l(17). Calculate the highest common factor of d and 35.
7
Let t(r) = -4*r + 6. Let w be t(-6). Let v(p) = 2*p**2 + 19*p. Let q be v(-10). What is the highest common divisor of w and q?
10
Let p be -10*(35/(-14) + -1*1). What is the greatest common divisor of 315 and p?
35
Let u be -1 + (-6 - 0/(-2)). Let l be u + (88 - (-28)/4). Let y(p) = p**3 + 3*p**2 - 3*p + 2. Let d be y(-3). Calculate the greatest common factor of d and l.
11
Suppose 2*t = -3*m + 244 + 98, -t - 5*m + 185 = 0. Suppose -16*j - 25*j + 286 = -15*j. Calculate the highest common divisor of t and j.
11
Let l = 112 - 49. Suppose -w = -2*p - 14, 5*w - 3*p - 48 = 2*w. Calculate the highest common factor of w and l.
9
Suppose -44*a = -53*a + 117. What is the greatest common divisor of 3 and a?
1
Let s = -26 - -26. Suppose -5*o + 98 - 8 = s. Let p = -2 + o. What is the greatest common factor of p and 176?
16
Suppose 157*l - 1110 = 151*l. What is the highest common factor of l and 333?
37
Let l be -2 + 1/(1/(-2)). Let g = -3 - l. Suppose 3*k = 4*k + 4*s - 14, -s = -k - g. Calculate the greatest common factor of k and 3.
1
Let a = 23 + 13. Suppose 3*m + 2*o + 26 = 4*o, -30 = 4*m - 5*o. Let d be a/m*280/(-16). Calculate the greatest common factor of d and 7.
7
Suppose -4 = -h - 2. Let z(n) = 7 - 2*n**2 - 2 - 6*n + 6*n**h. Let w be z(2). What is the greatest common factor of 63 and w?
9
Let s be 4*-21*6/(-8). Suppose 5*m - 105 = 5*a, -5*a + 0*a = 0. What is the highest common factor of m and s?
21
Let r be -7 - 28/21*-3 - -30. What is the highest common factor of 432 and r?
27
Let p be (24/(-5))/((-16)/40). Suppose o + p = 5*o. Calculate the greatest common divisor of 15 and o.
3
Let s(p) = 34*p**2 - 31*p - 141. Let h be s(-4). Calculate the highest common factor of h and 51.
17
Let r be (-1548)/(-30) - 2/(-5). Suppose -108 - r = -4*d. Let y(a) = 16*a**3 - a**2 + 2*a - 1. Let w be y(1). Calculate the greatest common factor of d and w.
8
Let j = 47 + -43. Suppose -84 = -j*q + 2*q - 4*r, -r - 99 = -2*q. What is the highest common factor of q and 36?
12
Let x(w) = -w**2 + 19*w + 120. Let l be x(21). What is the greatest common divisor of l and 546?
78
Suppose -8*j + 396 = 268. Calculate the greatest common factor of j and 632.
8
Let g = -2 + 7. Let u(l) = -g + 3*l - 4 + 2. Let a be u(7). What is the highest common divisor of a and 126?
14
Let r = 0 - -5. Let j be (-26)/7 - (-7 + (-102)/(-14)). Let q be 0 + j/(-12)*69 + 2. Calculate the highest common divisor of q and r.
5
Let p be (0 - -2 - 1)*10. Let k = 14 - p. Suppose 3*t = -5*d + 60, -k*t = t + 3*d - 84. Calculate the greatest common divisor of 45 and t.
15
Let q(m) be the second derivative of 35*m**4/12 - m**3/2 - m**2 - 9*m. Let h be q(-2). Let o = 4 + 12. What is the highest common factor of h an